{"id":48,"date":"2020-08-08T19:50:26","date_gmt":"2020-08-08T19:50:26","guid":{"rendered":"http:\/\/lineht.com.br\/?page_id=48"},"modified":"2025-06-04T21:02:57","modified_gmt":"2025-06-04T21:02:57","slug":"rede-mesh","status":"publish","type":"page","link":"https:\/\/lineht.com.br\/","title":{"rendered":"Rede Mesh"},"content":{"rendered":"\n<figure class=\"wp-block-image size-full\"><img fetchpriority=\"high\" decoding=\"async\" width=\"768\" height=\"343\" src=\"https:\/\/lineht.com.br\/wp-content\/uploads\/2024\/04\/UNIFI.jpg\" alt=\"\" class=\"wp-image-172\" srcset=\"https:\/\/lineht.com.br\/wp-content\/uploads\/2024\/04\/UNIFI.jpg 768w, https:\/\/lineht.com.br\/wp-content\/uploads\/2024\/04\/UNIFI-300x134.jpg 300w\" sizes=\"(max-width: 768px) 100vw, 768px\" \/><\/figure>\n\n\n\n<p>O WiFi Mesh\u00a0<strong>\u00e9 um sistema WiFi para toda casa, criado para eliminar \u00e1reas de sombra e fornecer WiFi ininterrupto em toda a sua casa<\/strong>. O sistema Mesh permite que os dispositivos da sua rede tenham velocidades mais r\u00e1pidas, maior cobertura e uma conex\u00e3o mais confi\u00e1<\/p>\n\n\n\n<figure class=\"wp-block-image size-large\"><img decoding=\"async\" width=\"1024\" height=\"552\" src=\"https:\/\/lineht.com.br\/wp-content\/uploads\/2024\/04\/tp-link-2-1024x552.jpg\" alt=\"\" class=\"wp-image-174\" srcset=\"https:\/\/lineht.com.br\/wp-content\/uploads\/2024\/04\/tp-link-2-1024x552.jpg 1024w, https:\/\/lineht.com.br\/wp-content\/uploads\/2024\/04\/tp-link-2-300x162.jpg 300w, https:\/\/lineht.com.br\/wp-content\/uploads\/2024\/04\/tp-link-2-768x414.jpg 768w, https:\/\/lineht.com.br\/wp-content\/uploads\/2024\/04\/tp-link-2.jpg 1260w\" sizes=\"(max-width: 1024px) 100vw, 1024px\" \/><\/figure>\n","protected":false},"excerpt":{"rendered":"<p>O WiFi Mesh\u00a0\u00e9 um sistema WiFi para toda casa, criado para eliminar \u00e1reas de sombra e fornecer WiFi ininterrupto em toda a sua casa. O sistema Mesh permite que os dispositivos da sua rede tenham velocidades mais r\u00e1pidas, maior cobertura e uma conex\u00e3o mais confi\u00e1<\/p>\n","protected":false},"author":1,"featured_media":0,"parent":0,"menu_order":0,"comment_status":"closed","ping_status":"closed","template":"","meta":{"footnotes":""},"class_list":["post-48","page","type-page","status-publish","hentry"],"_links":{"self":[{"href":"https:\/\/lineht.com.br\/index.php\/wp-json\/wp\/v2\/pages\/48","targetHints":{"allow":["GET"]}}],"collection":[{"href":"https:\/\/lineht.com.br\/index.php\/wp-json\/wp\/v2\/pages"}],"about":[{"href":"https:\/\/lineht.com.br\/index.php\/wp-json\/wp\/v2\/types\/page"}],"author":[{"embeddable":true,"href":"https:\/\/lineht.com.br\/index.php\/wp-json\/wp\/v2\/users\/1"}],"replies":[{"embeddable":true,"href":"https:\/\/lineht.com.br\/index.php\/wp-json\/wp\/v2\/comments?post=48"}],"version-history":[{"count":4,"href":"https:\/\/lineht.com.br\/index.php\/wp-json\/wp\/v2\/pages\/48\/revisions"}],"predecessor-version":[{"id":221,"href":"https:\/\/lineht.com.br\/index.php\/wp-json\/wp\/v2\/pages\/48\/revisions\/221"}],"wp:attachment":[{"href":"https:\/\/lineht.com.br\/index.php\/wp-json\/wp\/v2\/media?parent=48"}],"curies":[{"name":"wp","href":"https:\/\/api.w.org\/{rel}","templated":true}]}}